*f + 3. Let d(s) = 5*s**2 - 20*s - 14. Let j(k) = -11*b(k) - 2*d(k). Let z(n) = -n - 26. Let x be z(-31). Calculate j(x).
0
Let u(m) be the third derivative of -m**4/12 - m**3/3 + 60*m**2 + 2*m. What is u(5)?
-12
Let n(w) be the second derivative of -1/3*w**3 + 1/60*w**5 - 5*w + 0 - 1/24*w**4 - 4*w**2. Let j(h) be the first derivative of n(h). Calculate j(-2).
4
Let t(r) = -1. Let u(f) = 3*f**2 - 3. Let o(s) = -6*t(s) + u(s). What is o(0)?
3
Let g(u) = u**2 - 3*u - 5. Suppose 3*d = -26 + 86. Suppose -d*a - 30 = -25*a. What is g(a)?
13
Suppose 0 = -4*i + 4, g - 2*i - 2 = 3*g. Let p(o) = -11*o**2 - 16*o + 19. Let m(c) = 14*c**2 + 21*c - 24. Let x(h) = -7*m(h) - 9*p(h). What is x(g)?
7
Let h(f) be the first derivative of f**3/3 + 13*f**2/2 - 17*f + 711. Calculate h(-14).
-3
Suppose -5 = 3*o + 4, 54 = -w - 4*o. Let t = 45 + w. Let g(b) = -b - 3. Calculate g(t).
-6
Let l(h) be the second derivative of -11*h**3/6 + h**2/2 - 57*h. What is l(-1)?
12
Let m(s) = 2*s**2 + 4*s + 8. Suppose 4*z = -3*h - 20, -4*h + 28*z - 31*z - 22 = 0. Calculate m(h).
24
Let o = 14 - 10. Let v(y) = 4 - 4 + 4*y - o. Suppose -8*s + 28 = 4. Calculate v(s).
8
Let k(t) = -5*t**2 + 11*t - 5. Let z(d) = -8*d**2 + 23*d - 9. Let w(q) = -5*k(q) + 3*z(q). What is w(-11)?
-35
Let v(q) = -2*q + 24. Suppose -495 = -59*o + 626. Calculate v(o).
-14
Let w(s) = s**3 + 7*s**2 - 10*s - 19. Suppose -l - 5 = g, 4*l = 6*l - 6. Determine w(g).
-3
Let v(y) = y**2 + 2*y + 1. Let f(c) = -3*c**2 - 5*c - 3. Let s(t) = -t + 1. Let u be s(4). Let r(i) = u*f(i) - 8*v(i). Suppose 0 = -11*a - 6 - 16. What is r(a)?
7
Let d = -79 + 75. Let r(h) = 5*h. Let n(q) = 3*q. Let z(i) = 8*n(i) - 5*r(i). Calculate z(d).
4
Let q(v) be the third derivative of v**4/12 - 3*v**3/2 + 23*v**2. Let b = -10 - -16. Determine q(b).
3
Let c(y) = -10*y**2 - y**3 - 9*y + 5 - 3*y + 2*y**3. Let x be 2*(10 - 108/24). Give c(x).
-6
Let v(z) = -2*z**3 - 3*z**2 - 3*z - 3. Suppose -f - 9 = -5*y, -4*y + 4 + 14 = -2*f. Let b be (-2)/8 - f/4. Suppose 2*m = m - b. Calculate v(m).
7
Let f(t) be the first derivative of -t**2/2 + 5*t - 72. Give f(4).
1
Let o(w) = -5*w**3 + 8*w**2 - 7*w + 19. Let x(f) = 6*f**3 - 8*f**2 + 8*f - 22. Let u(m) = -7*o(m) - 6*x(m). What is u(-8)?
-9
Let i(l) = 0*l + 3*l + l - 2*l - 6 - l. Give i(7).
1
Let x(l) be the first derivative of -7*l**2/2 + 3*l + 2. Suppose 5*q + 8 = -m, -92*m + 88*m - 10 = -2*q. Determine x(m).
24
Let y(k) = k**3 - 2*k**2 + k + 2. Let s(h) = h**3 - 2*h**2 + h + 2. Let c(w) = -4*s(w) + 3*y(w). Suppose r + 2 = 2*r. Determine c(r).
-4
Let h(w) be the first derivative of -w**3/3 + 5*w**2 + 8*w + 120. Determine h(10).
8
Let g(n) = 0 + n - 1 + 3*n - n + 15. Give g(-7).
-7
Let a = -30 + 32. Let z(j) = 8*j**2 + 9*j**3 + a*j - 6 - 7*j**2 + 7. Give z(-1).
-9
Let a(i) = -452*i + 117*i + 111*i + 112*i + 118*i + 27. Calculate a(-5).
-3
Let v(d) = -3*d**2 - 2. Suppose -4*g + 3*o + 24 = 0, 0 = g - 2*o - 4 - 7. What is v(g)?
-29
Let n(k) = -k**3 + 7*k**2 + 14*k - 45. Let z be n(8). Let d(p) = -4*p + 1. Calculate d(z).
-11
Let a be 58/(-18) - (-8)/36. Let v = a - -7. Suppose v*q + 4*j + 4 = 0, -5*q + 15 = 2*j - 7*j. Let b(c) = 11*c. What is b(q)?
11
Let c(y) = -y**2 - 6*y - 5. Let m(d) = d**2 + 10*d + 12. Let a be 6/(-9)*18/(-4). Suppose -k = a*k + 32. Let i be m(k). Calculate c(i).
3
Let u(l) = -18*l - 9. Let q(m) = 4 - 4 - 4 - 9*m - 1. Let i(h) = 7*q(h) - 4*u(h). Determine i(1).
10
Let a(v) = 8*v + 1. Let h(t) = t**2 - 2*t - 9. Let k = 32 + -28. Let l be h(k). Determine a(l).
-7
Let a(p) = 4*p + 1. Let v(g) = g**3 + 9*g**2 + 2*g - 15. Let x(s) = -s**3 - 4*s**2 + 4*s - 13. Let r be x(-5). Let u be v(r). Let l = u - 34. Give a(l).
-3
Let w(x) = x**3 + 10*x**2 + 10*x - 1. Let m = -123 + 114. Determine w(m).
-10
Let a(z) = -z**2 + 5*z + 6. Suppose -5*r - 70 = -5*u, -2*r - 2 = -3*r. Let o be u/6 + 3/9. Suppose -o*t = -5 - 13. Give a(t).
0
Let c(f) = -f**2 - 5*f + 43. Suppose 25*o = -15 - 235. Calculate c(o).
-7
Let s(o) = -2*o**2 - 6*o - 5. Suppose -4*l + 25 = 5. Suppose d = -3*f - 11, -5*f = -3*d + d + 22. Let n be -4 + l - d*5. Determine s(n).
-13
Let p be 1/(3/1)*45/3. Let x(u) = u**3 - 5*u**2 + 3*u - 9. Let m be x(p). Let j(c) = -3*c - 3. What is j(m)?
-21
Suppose 4*j = -1 - 3. Let c(u) be the third derivative of 3/8*u**4 + 0*u + 1/6*u**3 + 0 + 3*u**2. Calculate c(j).
-8
Let w(n) be the second derivative of 2*n**7/315 - n**5/120 - 5*n**4/12 - 2*n**3/3 + 32*n. Let j(h) be the third derivative of w(h). Determine j(-1).
15
Let s(v) = v**2 + 8*v + 6. Let c be s(-6). Let x(w) = -2*w**2 + 4 + 208*w - 213*w + w**2. What is x(c)?
-2
Let a(c) be the first derivative of -c**4/4 + 2*c**3 + c**2/2 - 13*c - 705. What is a(6)?
-7
Let r be (-114)/(-30) + 1/5. Let f be (-4)/10 - (-12)/5. Let i(m) = -3*m**f + r*m**2 - m + m**2. Calculate i(1).
1
Let l(p) = 16*p - 47. Let r(t) = -9*t + 24. Let u(h) = 4*l(h) + 7*r(h). Give u(13).
-7
Suppose 49 = 7*r - 112. Let f(j) = -r*j + 21*j - 4 + 3 + 2. What is f(3)?
-5
Let m(x) be the first derivative of -x**2/2 - 10*x - 241. What is m(0)?
-10
Let k(b) = -b**3 + 4*b**2 + 12*b + 6. Let d be k(6). Suppose -d*r - 8 - 4 = 0. Let o(s) = 3*s. Determine o(r).
-6
Let i be (16/(-12))/(1/3). Let j(c) be the second derivative of 7*c + 1/20*c**5 - 1/2*c**3 + 2*c**2 + 0 + 1/4*c**4. Give j(i).
0
Let t(l) = -2*l - 3. Suppose 7*w - 2*w - 25 = 0. Suppose -w*j + 4*v = 8, -5*j - 4*v - 7 = 25. Calculate t(j).
5
Let r(d) = -13*d + 16*d + 0 + 2 + d**2 - 3*d**2 - d**3. Let z be r(-3). Let s be (21/14)/(1/z). Let i(x) = -3*x. Determine i(s).
-9
Let v be ((-45)/(-60))/((-2)/24). Let b = 13 + v. Let d(f) = f. Let n(h) = h**2 + 4. Let k(t) = -3*d(t) + n(t). Determine k(b).
8
Let i(a) be the third derivative of -a**6/120 - 7*a**5/60 + 5*a**4/24 - 5*a**3/6 + 79*a**2 - a. What is i(-8)?
19
Let l be (3 - 3) + (-3)/(-1). Let p be (8 + -1)*(l + 2). Let q be (-20)/p + 4/7. Let f(v) = -v**3 - v**2 - 6. Determine f(q).
-6
Suppose 0*b = 2*s - 3*b + 15, -s - 5 = b. Let u(z) = z**3 + 7*z**2 + 6*z + 5. What is u(s)?
5
Let f(i) = 0*i + 2 - i + 0*i. Suppose -3*l - 2*m = -5, -3*m + 8 = 3*l + 2*m. Let a be -2 + (5 - -2)/l. Give f(a).
-3
Let i(m) = -m + 1. Suppose -v + 5 = -13. Suppose 15*j = v*j + 18. What is i(j)?
7
Suppose 0 = w + w + 2. Let u(x) = -4*x**3 - 5*x**2 - 6*x. Let l(r) = 13*r**3 + 14*r**2 + 17*r. Let d(k) = -6*l(k) - 17*u(k). What is d(w)?
11
Let j(q) = -q**2 + 6 + 5 + 15*q + 2*q**2 + 2. Give j(-15).
13
Let z be (0 - (-4)/(-30)) + (-3256)/555. Let o be (-1 - -6) + (-2 - -1). Let j(k) = -o + 6*k + k**2 - 2 + 1. Calculate j(z).
-5
Let s(t) = t + 3. Let y(i) be the third derivative of i**5/60 - 7*i**4/24 - 2*i**3 - 37*i**2. Let z be (-21)/(-3) - 1*-1. Let h be y(z). What is s(h)?
-1
Let t(a) = 7*a - 5. Let o(g) = -8*g + 7. Let v(m) = 2*o(m) + 3*t(m). Determine v(1).
4
Suppose 2*r - 14 = -2*u, -4*r + 4*u = -r + 14. Let o(z) = z - 6*z**3 + z**2 + r*z**3 - 1 + 0 - 4*z**3. Let t(h) = -h + 1. Let y be t(0). What is o(y)?
-7
Let p(g) = g**3 + 8*g**2 + 14*g + 12. Let o(s) = s**3 + 8*s**2 + 14*s + 12. Let n(v) = 2*o(v) - 3*p(v). Calculate n(-6).
0
Let g(a) = a**3 - 3*a - 1. Suppose -52*n = 5*b - 47*n + 35, 0 = 4*b + 3*n + 23. Calculate g(b).
-3
Let w(o) = -21 - 16 + 36 - 5*o. Let q be -7 + 6 + (-2)/(-1). Let d be (0 + (q - 3))/(-2). What is w(d)?
-6
Let g(q) = -3*q**3 - 3*q**2 - 6*q + 5. Let j(y) = -y**3 - 3*y + 2. Let n(p) = 2*g(p) - 5*j(p). What is n(-6)?
-18
Let x be (4/(-6) + 0)*3. Suppose -3*d = -2*g + g + 2, -18 = 2*d - 4*g. Let l(c) = 14 + 4*c - 8 - 6 - d. Determine l(x).
-9
Let m(r) = r**3 - 5*r**2 + 3*r - 3. Let g be 1 - (0 + (0 - -3)). Let s(p) = p**3 - 6*p**2 - p. Let v be s(6). Let k = g - v. Determine m(k).
-7
Let y be 2 - ((-2)/(-9) + 2/(-9)). Let o(z) be the first derivative of 5/3*z**3 - 1/4*z**4 + 2*z**y + 5*z + 1. What is o(6)?
-7
Let p be (24/(-14))/(90/315). Let c(o) = -o - 2. Calculate c(p).
4
Let d = 110 - 115. Let s(u) = 3*u**2 - 9*u + 5. Let z(j) = 2*j**2 - 5*j + 2. Let f(p) = 3*s(p) - 5*z(p). Calculate f(d).
-10
Suppose -5*q + 126 = 46. Suppose 3*j + j = q. Let b(r) = 2*r**2 + 4*r**2 + j - 5*r**2 - 6*r + 12*r. Calculate b(-5).
-1
Let y(v) = 5*v - 51. Let w be y(21). Let h = w + -49. Let n(b) = -b - 5. Let z(c) = 2*c + 5. Let m(u) = -3*n(u) - 2*z(u). Give m(h).
0
Let p(f) = 2*f**2 + 10*f - 9. Suppose